{"id":3586,"date":"2021-09-20T13:41:49","date_gmt":"2021-09-20T11:41:49","guid":{"rendered":"https:\/\/www.pawa.no\/?page_id=3586"},"modified":"2021-09-20T14:00:33","modified_gmt":"2021-09-20T12:00:33","slug":"blogg-2","status":"publish","type":"page","link":"https:\/\/www.pawa.no\/?page_id=3586","title":{"rendered":"Blogg"},"content":{"rendered":"\t\t<div class=\"bdp-post-masonry-wrp bdp-clearfix\" id=\"bdp-post-masonry-wrp-1\">\r\n\t\t\t<div class=\"bdp-post-masonry bdp-clearfix bdp-effect-2 bdp-design-2 bdpgrid-2\" id=\"bdp-post-masonry-1\">\r\n\r\n\t\t\t\t<div class=\"bdp-post-grid bdp-medium-6 bdp-columns\">\r\n\t<div class=\"bdp-post-grid-content bdp-no-thumb-image\">\r\n\t\t\r\n\t\t<div class=\"bdp-post-margin-content\">\r\n\t\t\t\r\n\t\t\t<h2 class=\"bdp-post-title\">\r\n\t\t\t\t<a href=\"https:\/\/www.pawa.no\/?p=3709\">Refleksjoner fra PAWAs \u00e5rlige konferanse: Sammen for likestilling<\/a>\r\n\t\t\t<\/h2>\r\n\r\n\t\t\t\t\t\t\t<div class=\"bdp-post-meta\">\r\n\t\t\t\t\t\t\t\t\t\t<span class=\"bdp-post-meta-innr bdp-user-img\">Pawa<\/span>\r\n\t\t\t\t\t\t\t\t\t<\/div>\r\n\t\t\t\t\t\t\t<div class=\"bdp-post-content\">\r\n\t\t\t\t\t<div class=\"bdp-post-short-content\">Den 2. november 2024 arrangerte PAWA (Pan African Women\u2019s Association) sin \u00e5rlige konferanse p\u00e5 Interkulturelt Museum i Oslo. Med temaet...<\/div>\r\n\t\t\t\t\t\t\t\t\t\t<a href=\"https:\/\/www.pawa.no\/?p=3709\" class=\"bdp-readmorebtn\">Read More<\/a>\r\n\t\t\t\t\t\t\t\t\t<\/div>\r\n\t\t\t\t\t<\/div>\r\n\t<\/div>\r\n<\/div><div class=\"bdp-post-grid bdp-medium-6 bdp-columns\">\r\n\t<div class=\"bdp-post-grid-content \">\r\n\t\t\t\t<div class=\"bdp-post-image-bg\">\r\n\t\t\t<a href=\"https:\/\/www.pawa.no\/?p=3602\">\r\n\t\t\t\t<img decoding=\"async\" src=\"https:\/\/www.pawa.no\/wp-content\/uploads\/2021\/09\/AdobeStock_323895141-1024x1024.jpeg\" alt=\"Hvordan kan menn bidra i kampen mot kj\u00f8nnslemleste av kvinner?\" \/>\r\n\t\t\t<\/a>\r\n\t\t<\/div>\r\n\t\t\r\n\t\t<div class=\"bdp-post-margin-content\">\r\n\t\t\t\r\n\t\t\t<h2 class=\"bdp-post-title\">\r\n\t\t\t\t<a href=\"https:\/\/www.pawa.no\/?p=3602\">Hvordan kan menn bidra i kampen mot kj\u00f8nnslemleste av kvinner?<\/a>\r\n\t\t\t<\/h2>\r\n\r\n\t\t\t\t\t\t\t<div class=\"bdp-post-meta\">\r\n\t\t\t\t\t\t\t\t\t\t<span class=\"bdp-post-meta-innr bdp-user-img\">Pawa<\/span>\r\n\t\t\t\t\t\t\t\t\t<\/div>\r\n\t\t\t\t\t\t\t<div class=\"bdp-post-content\">\r\n\t\t\t\t\t<div class=\"bdp-post-short-content\">Hvordan kan du som mann bidra i kampen mot kj\u00f8nnslemlestelse av kvinner? For \u00e5 kunne bekjempe denne skadelige praksisen med...<\/div>\r\n\t\t\t\t\t\t\t\t\t\t<a href=\"https:\/\/www.pawa.no\/?p=3602\" class=\"bdp-readmorebtn\">Read More<\/a>\r\n\t\t\t\t\t\t\t\t\t<\/div>\r\n\t\t\t\t\t<\/div>\r\n\t<\/div>\r\n<\/div><div class=\"bdp-post-grid bdp-medium-6 bdp-columns\">\r\n\t<div class=\"bdp-post-grid-content \">\r\n\t\t\t\t<div class=\"bdp-post-image-bg\">\r\n\t\t\t<a href=\"https:\/\/www.pawa.no\/?p=3593\">\r\n\t\t\t\t<img decoding=\"async\" src=\"https:\/\/www.pawa.no\/wp-content\/uploads\/2021\/09\/AdobeStock_375326174-1024x683.jpeg\" alt=\"Mental helse i afrikanske samfunn\" \/>\r\n\t\t\t<\/a>\r\n\t\t<\/div>\r\n\t\t\r\n\t\t<div class=\"bdp-post-margin-content\">\r\n\t\t\t\r\n\t\t\t<h2 class=\"bdp-post-title\">\r\n\t\t\t\t<a href=\"https:\/\/www.pawa.no\/?p=3593\">Mental helse i afrikanske samfunn<\/a>\r\n\t\t\t<\/h2>\r\n\r\n\t\t\t\t\t\t\t<div class=\"bdp-post-meta\">\r\n\t\t\t\t\t\t\t\t\t\t<span class=\"bdp-post-meta-innr bdp-user-img\">Pawa<\/span>\r\n\t\t\t\t\t\t\t\t\t<\/div>\r\n\t\t\t\t\t\t\t<div class=\"bdp-post-content\">\r\n\t\t\t\t\t<div class=\"bdp-post-short-content\">Hvordan p\u00e5virker noen av v\u00e5re afrikanske kulturelle tro og skikker den mentale helsen v\u00e5r? Christine Mungai, som ogs\u00e5 er psykiatrisk...<\/div>\r\n\t\t\t\t\t\t\t\t\t\t<a href=\"https:\/\/www.pawa.no\/?p=3593\" class=\"bdp-readmorebtn\">Read More<\/a>\r\n\t\t\t\t\t\t\t\t\t<\/div>\r\n\t\t\t\t\t<\/div>\r\n\t<\/div>\r\n<\/div><div class=\"bdp-post-grid bdp-medium-6 bdp-columns\">\r\n\t<div class=\"bdp-post-grid-content \">\r\n\t\t\t\t<div class=\"bdp-post-image-bg\">\r\n\t\t\t<a href=\"https:\/\/www.pawa.no\/?p=3577\">\r\n\t\t\t\t<img decoding=\"async\" src=\"https:\/\/www.pawa.no\/wp-content\/uploads\/2021\/09\/AdobeStock_355575301-1024x683.jpeg\" alt=\"Hva er kj\u00f8nnsbasert vold?\" \/>\r\n\t\t\t<\/a>\r\n\t\t<\/div>\r\n\t\t\r\n\t\t<div class=\"bdp-post-margin-content\">\r\n\t\t\t\r\n\t\t\t<h2 class=\"bdp-post-title\">\r\n\t\t\t\t<a href=\"https:\/\/www.pawa.no\/?p=3577\">Hva er kj\u00f8nnsbasert vold?<\/a>\r\n\t\t\t<\/h2>\r\n\r\n\t\t\t\t\t\t\t<div class=\"bdp-post-meta\">\r\n\t\t\t\t\t\t\t\t\t\t<span class=\"bdp-post-meta-innr bdp-user-img\">Pawa<\/span>\r\n\t\t\t\t\t\t\t\t\t<\/div>\r\n\t\t\t\t\t\t\t<div class=\"bdp-post-content\">\r\n\t\t\t\t\t<div class=\"bdp-post-short-content\">Hva er egentlig kj\u00f8nnsbasert vold? Og hva er hoved\u00e5rsakene til at afrikanere som bor i Norge blir utsatt for dette?...<\/div>\r\n\t\t\t\t\t\t\t\t\t\t<a href=\"https:\/\/www.pawa.no\/?p=3577\" class=\"bdp-readmorebtn\">Read More<\/a>\r\n\t\t\t\t\t\t\t\t\t<\/div>\r\n\t\t\t\t\t<\/div>\r\n\t<\/div>\r\n<\/div>\t\t\t<\/div>\r\n\r\n\t\t\t\t\t<\/div>\r\n\t\n","protected":false},"excerpt":{"rendered":"","protected":false},"author":1,"featured_media":0,"parent":0,"menu_order":0,"comment_status":"closed","ping_status":"closed","template":"","meta":{"_oct_exclude_from_cache":false,"footnotes":""},"class_list":["post-3586","page","type-page","status-publish","hentry"],"_links":{"self":[{"href":"https:\/\/www.pawa.no\/index.php?rest_route=\/wp\/v2\/pages\/3586","targetHints":{"allow":["GET"]}}],"collection":[{"href":"https:\/\/www.pawa.no\/index.php?rest_route=\/wp\/v2\/pages"}],"about":[{"href":"https:\/\/www.pawa.no\/index.php?rest_route=\/wp\/v2\/types\/page"}],"author":[{"embeddable":true,"href":"https:\/\/www.pawa.no\/index.php?rest_route=\/wp\/v2\/users\/1"}],"replies":[{"embeddable":true,"href":"https:\/\/www.pawa.no\/index.php?rest_route=%2Fwp%2Fv2%2Fcomments&post=3586"}],"version-history":[{"count":5,"href":"https:\/\/www.pawa.no\/index.php?rest_route=\/wp\/v2\/pages\/3586\/revisions"}],"predecessor-version":[{"id":3601,"href":"https:\/\/www.pawa.no\/index.php?rest_route=\/wp\/v2\/pages\/3586\/revisions\/3601"}],"wp:attachment":[{"href":"https:\/\/www.pawa.no\/index.php?rest_route=%2Fwp%2Fv2%2Fmedia&parent=3586"}],"curies":[{"name":"wp","href":"https:\/\/api.w.org\/{rel}","templated":true}]}}